Suppose -8*s + 11*s - 126 = m. List the prime factors of s.
2, 3, 7
Suppose -5 = -0*x + x - c, -5*c = -3*x - 25. Suppose 2*n + 10 = x, 6*n = -4*i + 3*n - 95. Let d = -12 - i. What are the prime factors of d?
2
Let h(m) = 9*m**2 - 5*m - 23. What are the prime factors of h(14)?
3, 557
Let r(q) = 8*q + 1. Let p = -14 - -16. Let d be r(p). Suppose 6*t - d = 5*t. What are the prime factors of t?
17
Suppose 181 = 6*x - 8123. List the prime factors of x.
2, 173
Suppose 245 = 2*o + x, -3*o + 5*x + 94 + 254 = 0. What are the prime factors of o?
11
Suppose 214*h - 226*h + 22308 = 0. What are the prime factors of h?
11, 13
Let h(r) = -r**2 + 12*r + 1405. List the prime factors of h(0).
5, 281
Let l = 60 + -57. Suppose -4*k = 4*s - 228, l*k - 167 = -0*s - 2*s. What are the prime factors of k?
53
Let n(t) = 19*t**2 + 1. Let a be n(1). Suppose 6*u = u - a. What are the prime factors of (-19)/(-3) + u/(-6)?
7
Suppose 11*v = -6*v + 9384. List the prime factors of v.
2, 3, 23
Let u = -12 + 45. Suppose -6*a - 225 = u. Let s = a + 77. List the prime factors of s.
2, 17
Suppose 0 = 2*u - 7*u + 20. Let m(r) = 3*r - 12 - u*r + 28. List the prime factors of m(7).
3
Suppose -4030 = -2*z + 4*v, 11450 - 1365 = 5*z - 5*v. What are the prime factors of z?
3, 673
Let a be 18*(9/6)/3. Let d be 46/((a/3)/(-3)). Let f = d + 90. List the prime factors of f.
2, 11
What are the prime factors of (-12426)/(-12) - (-2)/4?
2, 7, 37
Suppose 5*l - 1 = 4*l. What are the prime factors of ((-10)/8)/(l/(-44))?
5, 11
What are the prime factors of (7 + -2)/5 - -722?
3, 241
Let u(j) = j**3 - 6*j**2 + 3*j + 6. Let t be ((-54)/8)/(7/84). Let m be ((-4)/6)/(9/t). What are the prime factors of u(m)?
2, 3
Suppose 3*o - 205 = -p, -8*p + 6*p - 327 = -5*o. What are the prime factors of o?
67
Let l(q) = 6*q**2 - 5*q + 4. Suppose 0 = -5*p - 21 + 6. Let z(u) = -13*u**2 + 9*u - 7. Let s(d) = p*z(d) - 5*l(d). What are the prime factors of s(1)?
2
Suppose 2 = 8*y - 22. Suppose 79 = -y*r + 439. What are the prime factors of r?
2, 3, 5
Let u = -132 - -135. Suppose x - t + 6*t - 175 = 0, 0 = x - u*t - 143. List the prime factors of x.
5, 31
Suppose 0 = -3*w + 2*w - 38. Let b = 67 + w. List the prime factors of b.
29
Let n(f) = -6 + 9 - 2 + f + 9. List the prime factors of n(-8).
2
Let k = -50 - -90. Suppose -5*w + 100 = 5*m, -m + 3*m - k = -5*w. Let b = -4 + m. List the prime factors of b.
2
Let d(y) = -y**3 + 9*y**2 - 5*y - 17. Let x be 3/1 - (-1 + -4). List the prime factors of d(x).
7
Let i = 70 + -61. Let u(c) = 3*c - 7. List the prime factors of u(i).
2, 5
Let c(g) = 658*g - 8. List the prime factors of c(10).
2, 31, 53
Suppose -3*k + 2*k - w + 1 = 0, 3*w - 9 = -5*k. Suppose j = k*j - 60. List the prime factors of j.
2, 3, 5
Let n(h) = h**3 - 14*h**2 + 10*h - 4. Let t be n(13). Let u(s) = 14*s - 10. Let l be u(6). Let p = l + t. List the prime factors of p.
31
Let u(i) = -2*i**2 + 2*i - 4. Let w be u(3). Let d be (-5)/(-2)*4400/(-125). Let n = w - d. What are the prime factors of n?
2, 3
Suppose -1 + 7 = -2*a. Let m be 2/a - (-20)/3. Suppose 0 = -m*l + l + 135. List the prime factors of l.
3
Suppose 58*q + 6483 = 61*q + 2*h, -q + 2169 = -2*h. List the prime factors of q.
3, 7, 103
Let q be ((-2)/3)/((-2)/(-39)). Let p = 40 + q. What are the prime factors of p?
3
Let g(o) = 3*o**2 - 2*o + 6. Let r be g(2). Suppose -10*h - 144 = -r*h. List the prime factors of h.
2, 3
What are the prime factors of -7*((-6228)/(-21))/(-2)?
2, 3, 173
Suppose -5*r + 20 = -0*r. Let n(s) = -s + 6. Let j be n(r). What are the prime factors of 1/((j + -3)/(-30))?
2, 3, 5
Let s = -24 + 26. Suppose s*j + 230 = -3*j. Let l = 90 + j. What are the prime factors of l?
2, 11
Suppose -33 = -5*n - 4*k, n - 16 = -3*n + 2*k. Suppose 275 = n*l - 3*m, 0*l + 5*l = -4*m + 275. What are the prime factors of l?
5, 11
Let n(s) be the first derivative of s**4/4 + 10*s**3/3 - 2*s**2 - 11*s + 3. What are the prime factors of n(-10)?
29
Suppose -i = -0*i - 5. Suppose 0 = -2*k - i*d - 23, -22 = 2*k + k + 5*d. What are the prime factors of (k/(-2))/(3/(-48))?
2
Suppose -4*s = -20 + 56. Suppose 33 = 3*l - 12. Let t = l - s. What are the prime factors of t?
2, 3
Let p be -2*-146*(-1)/4. Let k = p + 106. Suppose -7*h = -4*h - k. What are the prime factors of h?
11
Suppose 4*a + 3*y = 20, -y - 1 = -3*a + 1. Suppose -3*f - 5 = -11. List the prime factors of a/f*(21 - -2).
23
Let r = 451 - 217. Suppose q - 4*k = 4*q - r, 2*q + 3*k = 157. What are the prime factors of q?
2, 37
Suppose 0 = 2*t + 5*i - 240 - 1110, 0 = 3*t + 2*i - 2003. What are the prime factors of t?
5, 7, 19
Let q(r) = -4*r**3 + r**2 + 2*r + 2. Let f be q(-1). Suppose 3*z + n = 2*z + 40, n + 224 = f*z. List the prime factors of z.
2, 11
Let o = -172 - -393. List the prime factors of o.
13, 17
Suppose 9*u = 19*u - 5950. Suppose 2*w = u - 195. What are the prime factors of w?
2, 5
Let d(u) = -u**3 - 8*u**2 - 8*u - 3. Let g be d(-7). Suppose o + 9 = 2*v, -g*v - 3*o - 2 = -o. Suppose v*y - 33 = 19. What are the prime factors of y?
2, 13
Let m be -3*(-1)/6*4. Suppose 2*r - 275 = 3*h + 63, 708 = 4*r + m*h. List the prime factors of r.
5, 7
Suppose 4 - 25 = -w. Let a be w*((-20)/6 + 3). Let j(h) = h**2 - 10. What are the prime factors of j(a)?
3, 13
Let v = 170 - 7. What are the prime factors of v?
163
Let j = -6 + 10. Suppose 6*k = j*k + 160. Let f = -46 + k. What are the prime factors of f?
2, 17
Let f(i) = -14*i - 2 - 1 - 17*i. Let o be f(-6). Suppose -5*m - 2*v + o = 70, 4*m - 5*v - 97 = 0. What are the prime factors of m?
23
Let j(r) = -20*r - 30 - 21*r**2 + 8*r**3 - 6*r**3 - 7*r**2. What are the prime factors of j(15)?
2, 3, 5
Let k(h) = h**3 + h**2 + 10*h + 625. List the prime factors of k(0).
5
Let l(j) = -17*j**3 + j. Suppose 0*b + b = 5*u - 59, -5*u = 5*b - 65. Let o be (-2)/10 - u/15. What are the prime factors of l(o)?
2
Let z be (6/4)/((-2)/(-4)). What are the prime factors of 0 + 0 + 64 + z?
67
Suppose 0 = -5*d + 4*j + 225 + 955, 495 = 2*d + 3*j. Suppose 2*t - d = -3*t. What are the prime factors of t?
2, 3
Suppose 0 = 4*t + t - 40. Suppose -t*w + 6*w = -34. What are the prime factors of w?
17
Let v = -34 - -62. What are the prime factors of 79/4 + (-21)/v?
19
Let f be ((-27)/(-6))/(3/60). Suppose -f - 10 = -2*r. List the prime factors of r.
2, 5
Suppose 0 = -5*o + 2*a + 96, 2*o = 7*o + a - 102. Suppose -4*d + 52 - o = 0. What are the prime factors of -4*(1 - 76/d)?
2, 17
Suppose 5*s = 9 + 1. Let d be 1 + -2 + s + 2. List the prime factors of d*(-2 - -3) - -20.
23
Let s = -887 + 1267. Suppose 5*g - 5*y = s, 4*g + 0*g = y + 298. What are the prime factors of g?
2, 37
Let n = -244 - -577. List the prime factors of n.
3, 37
Suppose -4*a + 16 = -t, 3*a + 2*t - 2 = 21. Suppose 5*z = a*w, z = -2*w - 0*w - 3. Let y = w + 47. List the prime factors of y.
2, 23
Let m be (-3)/(-4) - 1 - (-2)/8. Suppose -t - 2 = t, m = -2*o - 2*t + 92. List the prime factors of o.
47
Suppose 0 = 2*w - 126 - 16. Suppose 2*z + 4*f - 134 = 0, z = -0*z - 4*f + w. What are the prime factors of z?
3, 7
Suppose 2*m = 1 + 355. What are the prime factors of m?
2, 89
Let j(o) = o**3 + 13*o**2 + 10*o - 4. Suppose -8*h = -6*h + 24. List the prime factors of j(h).
2, 5
Let c(x) = 3*x + 2. Suppose 3*m - 1 = -10. Let q be c(m). Let y = 5 - q. What are the prime factors of y?
2, 3
Let b(p) = 130*p + 181. What are the prime factors of b(6)?
31
Suppose 5*x = 0, 5*g + 5*x - 105 - 495 = 0. List the prime factors of g.
2, 3, 5
Suppose 358 + 3023 = 3*p. What are the prime factors of p?
7, 23
Let p(r) = r**2 - r + 1. Let a(l) = 7*l**2 - 3*l + 45. Let x(y) = a(y) - 4*p(y). List the prime factors of x(0).
41
Suppose 3*q = 4*q - 3. Suppose 4*y = q*b + 2*b + 254, 192 = 3*y - 3*b. What are the prime factors of y?
2, 3, 11
Suppose -3*z + 3*l = -15, 0 = -z - 3*l + 6*l + 7. Suppose 4*k + k - z*q - 254 = 0, -2*q + 278 = 5*k. List the prime factors of k.
2, 3
Suppose -5*c + 20 = 0, c = -4*o + 3*c + 1580. What are the prime factors of o?
397
Let m(j) = -j**3 - 7*j**2 + 3*j - 15. Let o be (11 - 3)/(-5 + 4). Let h be m(o). Suppose -3*z + h = w - 7*z, 56 = 2*w - 5*z. List the prime factors of w.
3, 11
Let d = -97 + 103. Let r = 84 - 48. Suppose 4*w - d*w + r = 0. What are the prime factors of w?
2, 3
Suppose 46*n = 52*n - 13272. What are the p